{"id":103,"date":"2025-01-13T22:08:04","date_gmt":"2025-01-13T21:08:04","guid":{"rendered":"https:\/\/allisom.cluster029.hosting.ovh.net\/?page_id=103"},"modified":"2025-01-16T12:51:05","modified_gmt":"2025-01-16T11:51:05","slug":"iris-photographie","status":"publish","type":"page","link":"https:\/\/allison-photographie.fr\/index.php\/iris-photographie\/","title":{"rendered":"Iris photographie"},"content":{"rendered":"\n<p class=\"has-text-align-center\"><strong><em>PRESTATION DISPONIBLE COURANT 2025<\/em><\/strong><\/p>\n\n\n\n<div style=\"height:18px\" aria-hidden=\"true\" class=\"wp-block-spacer\"><\/div>\n\n\n\n<div class=\"wp-block-media-text is-stacked-on-mobile\"><figure class=\"wp-block-media-text__media\"><img loading=\"lazy\" decoding=\"async\" width=\"1024\" height=\"686\" src=\"http:\/\/allisom.cluster029.hosting.ovh.net\/wp-content\/uploads\/2025\/01\/CR8A7379-Recupere-Recupere-1024x686.png\" alt=\"\" class=\"wp-image-107 size-full\" srcset=\"https:\/\/allison-photographie.fr\/wp-content\/uploads\/2025\/01\/CR8A7379-Recupere-Recupere-1024x686.png 1024w, https:\/\/allison-photographie.fr\/wp-content\/uploads\/2025\/01\/CR8A7379-Recupere-Recupere-300x201.png 300w, https:\/\/allison-photographie.fr\/wp-content\/uploads\/2025\/01\/CR8A7379-Recupere-Recupere-768x514.png 768w\" sizes=\"auto, (max-width: 1024px) 100vw, 1024px\" \/><\/figure><div class=\"wp-block-media-text__content\">\n<p><strong>Quand votre iris devient chef d\u2019\u0153uvre\u2026<\/strong><\/p>\n\n\n\n<p><em>La photographie artistique d\u2019iris vous permet de r\u00e9v\u00e9ler la couleur vibrante et beaut\u00e9 unique de votre iris et la transformer en r\u00e9ussite graphique exceptionnelle.<\/em><\/p>\n\n\n\n<p><em>Immortalisez la beaut\u00e9 de votre iris seul, en couple, entre amis, en famille&#8230; Laissez-vous envo\u00fbter par cette exp\u00e9rience et devenez l\u2019\u0153uvre d\u2019art.<\/em><\/p>\n\n\n\n<p><\/p>\n<\/div><\/div>\n\n\n\n<div style=\"height:61px\" aria-hidden=\"true\" class=\"wp-block-spacer\"><\/div>\n\n\n\n<div class=\"wp-block-columns is-layout-flex wp-container-core-columns-is-layout-9d6595d7 wp-block-columns-is-layout-flex\">\n<div class=\"wp-block-column is-layout-flow wp-block-column-is-layout-flow\">\n<p><strong>Comment \u00e7a fonctionne&nbsp;?<\/strong><\/p>\n\n\n\n<p><em>Nous capturons puis sublimons votre iris, pour en exploiter chaque nuance et d\u00e9tail gr\u00e2ce \u00e0 des techniques sp\u00e9cifiques et un\u00a0\u00e9quipement professionnel haut de gamme. Apr\u00e8s l\u2019\u00e9tape de post traitement,\u00a0une photographie 10x15cm vous sera remise. Vous pourrez \u00e9galement choisir de l&rsquo;imprimer en haute qualit\u00e9 sur d&rsquo;autres support ou formats. Pour les enfants, la prise de vue est possible\u00a0\u00e0 partir de 6\u00a0ans\u00a0car ce dernier doit pouvoir rester immobile les yeux ouverts.<\/em><\/p>\n<\/div>\n\n\n\n<div class=\"wp-block-column is-layout-flow wp-block-column-is-layout-flow\">\n<p><strong>Tarifs:<\/strong><\/p>\n\n\n\n<ul class=\"wp-block-list\">\n<li><em>Un iris : 69\u20ac<\/em><\/li>\n\n\n\n<li><em>Deux iris: 79\u20ac<\/em><\/li>\n\n\n\n<li><em>L&rsquo;iris suppl\u00e9mentaire: 5\u20ac<\/em><\/li>\n<\/ul>\n<\/div>\n<\/div>\n\n\n\n<p><\/p>\n","protected":false},"excerpt":{"rendered":"<p>PRESTATION DISPONIBLE COURANT 2025 Quand votre iris devient chef d\u2019\u0153uvre\u2026 &hellip; <\/p>\n","protected":false},"author":1,"featured_media":0,"parent":0,"menu_order":0,"comment_status":"closed","ping_status":"closed","template":"","meta":{"footnotes":""},"class_list":["post-103","page","type-page","status-publish","hentry"],"_links":{"self":[{"href":"https:\/\/allison-photographie.fr\/index.php\/wp-json\/wp\/v2\/pages\/103","targetHints":{"allow":["GET"]}}],"collection":[{"href":"https:\/\/allison-photographie.fr\/index.php\/wp-json\/wp\/v2\/pages"}],"about":[{"href":"https:\/\/allison-photographie.fr\/index.php\/wp-json\/wp\/v2\/types\/page"}],"author":[{"embeddable":true,"href":"https:\/\/allison-photographie.fr\/index.php\/wp-json\/wp\/v2\/users\/1"}],"replies":[{"embeddable":true,"href":"https:\/\/allison-photographie.fr\/index.php\/wp-json\/wp\/v2\/comments?post=103"}],"version-history":[{"count":13,"href":"https:\/\/allison-photographie.fr\/index.php\/wp-json\/wp\/v2\/pages\/103\/revisions"}],"predecessor-version":[{"id":260,"href":"https:\/\/allison-photographie.fr\/index.php\/wp-json\/wp\/v2\/pages\/103\/revisions\/260"}],"wp:attachment":[{"href":"https:\/\/allison-photographie.fr\/index.php\/wp-json\/wp\/v2\/media?parent=103"}],"curies":[{"name":"wp","href":"https:\/\/api.w.org\/{rel}","templated":true}]}}